ime?
True
Let s(d) = -d**3 + 20*d**2 - 15*d + 31. Is s(9) composite?
False
Let p(r) = -r**3 + 4*r**2 - 17*r - 17. Is p(-11) a composite number?
True
Let v be 1/(-3) + (-21)/(-9). Suppose -v*w - 3 + 47 = 0. Is w prime?
False
Suppose -3*x + 50 = -553. Is x a composite number?
True
Let x be (-21)/(-5) - 2/10. Suppose -l - x = 0, 4*l = -z - 2*z + 221. Is z composite?
False
Let m be (0 - -71)*1 + 0. Suppose -2*s + 119 = -m. Is s a composite number?
True
Is (-21582)/(-15) + 11/55 a prime number?
True
Let d = -19 + 24. Suppose -2*l = d - 111. Is l a composite number?
False
Suppose -2*v - n = v + 21, 0 = 5*v - 4*n + 18. Let s be (v/9)/(3/(-153)). Let t = s + 1. Is t a prime number?
False
Suppose 2*z = 357 - 35. Let r be 4/1 + (-2)/(-2). Suppose 94 + z = r*x. Is x a composite number?
True
Let c(q) = 2*q**2 - 8*q + 5. Let r(l) = 18*l**3 - l**2 + 2*l - 1. Let n be r(1). Suppose s + 2*k - 22 = 5*k, s + n = -5*k. Is c(s) a composite number?
False
Suppose 0 = z - 3 - 4. Let d be (-2)/z + 289/7. Suppose 0 = -5*r + 134 + d. Is r composite?
True
Let i = -7 - -9. Suppose -5*n = -i*q - 55, 2*n + 2*q - 17 = -n. Is ((-26)/3)/((-2)/n) composite?
True
Let n(w) = -w - 5. Let u be n(-7). Suppose -u*t = -3*t + 87. Is t a prime number?
False
Let v be -6*1/(-7)*56. Let r = v + 31. Is r composite?
False
Let b(p) be the first derivative of 4*p**3/3 - p**2 + 5*p - 5. Is b(-6) a composite number?
True
Suppose -2 + 20 = 2*k. Suppose -95 = 4*j + 13. Is (-2)/k - 2301/j prime?
False
Let x(o) = 127*o**2 + 13. Is x(4) a composite number?
True
Suppose -343 = 2*w - 113. Let g be (-9)/((-2)/(120/(-9))). Let y = g - w. Is y a prime number?
False
Let t(f) = f**3 - 3*f**2 - 5. Let q be t(4). Suppose 4*u + 87 = 371. Suppose 4*h + u + q = 2*l, 0 = -4*h + 20. Is l prime?
False
Suppose 0*n + 10 = 5*n. Let h be 2/(-3)*(-3)/n. Is 66 - h - 0/(-2) composite?
True
Let c(b) = -4*b**3 - 49*b**2 + 4*b + 17. Let m(d) = -d**3 - 12*d**2 + d + 4. Let l(p) = 2*c(p) - 9*m(p). Is l(-8) a prime number?
False
Suppose -115 = -2*h + 39. Is h a composite number?
True
Let l(k) = -1 - 3 + 2*k + k + 6 + k**2. Let g be l(-2). Let s(u) = -u**3 + u**2 + u + 79. Is s(g) a prime number?
True
Suppose 3*y - 12 - 3 = 3*q, y = 5*q + 9. Let f = 7 - y. Is f a prime number?
True
Suppose 4*j = 2*u + 6, -j + 3*j = -4*u + 8. Suppose -q + 69 = 4*a, 3*a = j*q + 93 - 264. Let k = -55 + q. Is k a composite number?
True
Let z = 1570 - 2483. Let a = 1448 + z. Is a prime?
False
Let b be 16/10*(-30)/3. Let i be (-3 + b)/(1/(-3)). Let o = i - 22. Is o prime?
False
Let p = -2802 + 4012. Suppose -465 + p = 5*n. Is n composite?
False
Let g = -107 - -198. Suppose -b = -0*b - g. Is b a prime number?
False
Suppose 19*t = -t + 12820. Is t a prime number?
True
Let i = -1691 - -2773. Is i prime?
False
Let t(f) = -f**2 + 12*f - 7. Let h be t(8). Is (-4)/(-1)*h + -3 a prime number?
True
Suppose 4*p = 4*o + 68, 4*o + 21 = p + 7*o. Let n = 145 - p. Is n composite?
False
Let z(x) = -4*x - 5. Let b be z(-2). Let o(d) = 2*d**3 - d**2 - 2. Is o(b) prime?
True
Let i = -1530 + 2473. Is i a composite number?
True
Suppose -5*t = 3*h - 695, 4*t + 4*h + 0*h = 556. Suppose -5*a = -0*a - 4*x - 753, 5*x - t = -a. Is a a composite number?
False
Suppose -2*h + 6*h + 418 = y, 4*h - 1692 = -4*y. Is y a composite number?
True
Let k(y) = y**2 - 2*y + 14. Let g be k(0). Suppose 4*c - 44 = 5*i - i, -c = -5*i - 47. Let u = g - i. Is u a composite number?
False
Is 1133 - -1 - (7 - 6) composite?
True
Let f = -9 - -13. Suppose 2*d + i = 2*i + f, -4*d + 4 = -4*i. Is d composite?
False
Let s be (1 - 0/2)*127. Suppose -a + 2*w + 199 = -w, -w = -4*a + 741. Let l = a - s. Is l prime?
False
Suppose 5*t - 579 + 2159 = 0. Is 10/4*t/(-10) a prime number?
True
Let m = -38 + 27. Let i = m - -15. Suppose i*l = 86 + 758. Is l prime?
True
Let l(f) = f**3 - 3*f**2 + 2*f + 5. Let s be l(5). Let u = 136 - s. Is u composite?
False
Is 14/(-42) + (-6538)/(-3) a prime number?
True
Suppose 5*y - 3*y - m = 2108, -5*y - 2*m = -5279. Is y a prime number?
False
Let r = 6 - 4. Suppose -4*j = -2*m + 322, -159 = -m + 2*j + r*j. Is m a prime number?
True
Suppose 2*x + 5*w = 537, 5*x - 3*w - 1353 = -5*w. Is x a prime number?
True
Let h(j) = 13*j**3 - 2*j**2 - 2. Is h(3) prime?
True
Let t be 6/15 + (-5544)/(-15). Let x = t - 207. Is x composite?
False
Let u be (-6)/(-27) - (-75)/27. Suppose -2*k + 124 = -0*k + u*p, 4*p + 8 = 0. Is k composite?
True
Let f be 1 - (1 - -2) - -5. Suppose -5*c + k + 15 = f*k, c + 4*k = -15. Suppose c*m - 31 = 44. Is m a prime number?
False
Let h(i) = -i**3 - 4*i**2 - 8*i + 2. Let c = 4 - 9. Is h(c) composite?
False
Suppose -a - 14 = -2*d + 20, -3*d - 93 = 3*a. Let k = a + 81. Suppose c = -0*c + k. Is c composite?
True
Let t be (-5)/((7/6)/(-7)). Is 7*(t - (-1 + 2)) a prime number?
False
Let o be (-2 - (-20)/6)*3. Suppose -o*z + 2*x = -1230, 3*x + 924 = z + 2*z. Is z a prime number?
True
Let z(u) be the first derivative of -u**4/4 - u**3/3 - u**2/2 + 4*u - 3. Let m be z(0). Suppose m*v - 23 = 1. Is v composite?
True
Suppose -i + s - 4*s = -488, -5*s = 5*i - 2410. Is i prime?
True
Let p(l) = 9*l**2 - 7*l + 5. Is p(4) composite?
True
Let m(o) = -3 + 4*o**2 + 3*o**2 - 3 + 5*o + 4. Let s be m(3). Let p = s - -115. Is p composite?
False
Is (-3)/9 - 24072/(-18) composite?
True
Let n(s) = s**2 + 5*s + 1. Let g(f) = -f**2 - 9*f - 3. Let l be g(-8). Suppose -3*z - 24 = 5*v - 0*z, -l*v - z = 28. Is n(v) a prime number?
True
Let n = 5 + -1. Suppose -5*f + 2*t = -161, -3*f = n*t - 0*t - 107. Is f prime?
False
Let z(x) = 2*x**3 - 8*x**2 + 7*x + 1. Is z(6) prime?
False
Suppose 5*a - 457 = 4*a + 3*v, -5*a - 3*v = -2357. Is a composite?
True
Let g be (3 - 17)/(4/(-14)). Let h be g/21 - 2/6. Suppose 28 = 3*d + h*m, 0 = 3*d - 3*m + 14 - 47. Is d composite?
True
Suppose -77 - 191 = o. Let j = o + 109. Is j*(10/6 + -2) composite?
False
Let j be 13/(-3) + 2/(-3). Let r = j + 8. Suppose 0 = 3*w + 4*o - 627, -3*o - 205 = -r*w + 401. Is w prime?
False
Suppose 32*a = 25*a + 14. Let v = -213 + 601. Suppose 6*s = a*s + v. Is s prime?
True
Suppose -5*m + 26 = -4*n - 3, 3*n = 12. Let r(o) = 7*o - 10. Is r(m) composite?
False
Let k be -4*(-2 + (-2 - -2)). Let d = 4 - k. Let h(l) = 11*l**2 + 3*l - 1. Is h(d) a composite number?
False
Suppose -m + 3 = -12. Is m prime?
False
Suppose -r - r + 222 = 0. Is r prime?
False
Let r(l) be the third derivative of 7*l**4/12 - l**3/6 - 2*l**2. Is r(6) prime?
True
Let t = -16 + 143. Is t a prime number?
True
Suppose 25*m = 20*m + 155. Is m a prime number?
True
Suppose 165 = -5*y + 5*w, -y - 3*y - 3*w - 160 = 0. Let o = -7 - y. Suppose -h + 19 = -o. Is h composite?
True
Let x(p) = p**3 - 6*p**2 - 5*p - 10. Let z be x(7). Suppose -498 = -z*n - 5*y, 4*n + 3*y - 512 = 5*y. Is n composite?
False
Let d = 591 + 250. Is d prime?
False
Suppose 5*c = 3*w + 36 - 11, -5*w = 2*c - 10. Suppose 0 = -c*n + 5*x + 1095, x - 1123 = -5*n - x. Is n a composite number?
False
Suppose 2*l = -2*l. Suppose l = -2*m - 2 + 12. Suppose 7 = 4*j - m. Is j a prime number?
True
Let q = 5 + 0. Suppose -57 = -5*i - q*d + 18, -3*i - d + 53 = 0. Is i a prime number?
True
Let z = 2138 - -359. Is z composite?
True
Let t = 2899 - 1010. Is t a prime number?
True
Let f(j) be the first derivative of -49*j**2 - j + 4. Is f(-3) a composite number?
False
Let w = -11 - 44. Let k be (1 - 5)*(-2 - 21). Let c = k + w. Is c prime?
True
Let o(l) = 9*l**3 - 27*l**2 + 4*l - 5. Let n(j) = 5*j**3 - 14*j**2 + 2*j - 3. Let s(d) = -7*n(d) + 4*o(d). Is s(10) a composite number?
True
Let s be 1 + (2 - 6) + 99. Let g = s + 13. Is g a composite number?
False
Let f = 156 - 37. Suppose -5*u + p - f = 0, -3*u + 3*p = 57 + 12. Let w = u - -77. Is w a prime number?
True
Let j = -14 - -14. Suppose j = -0*x - 5*x + 415. Is x composite?
False
Let u(z) = z**2 + 8*z + 2. Is u(5) a prime number?
True
Let n(t) = t**3 + 5*t**2 + 6*t + 2. Let i be n(-4). Let b = i + 43. Is b a prime number?
True
Let q = -7 + 38. Is q a composite number?
False
Suppose 5*r + 98 = 2*q - 390, 4*q + 3*r - 1028 = 0. Is q a prime number?
False
Let r(d) = 6*d**2 + 22*d + 12. Let x(u) = -2*u**2 - 7*u - 4. Let p(w) = -2*r(w) - 7*x(w). Let j(h) = -h**3 + h**2 - h - 3. Let v be j(0). Is p(v) prime?
True
Suppose -4*t = -7*t + 201. Is t a prime number?
True
Is (-4911)/(-3)*